 - 18. What is s(j)?
-13
Let d(y) = -y. Let s(p) = 1. Let c(o) = -o**2. Let x be c(-1). Let j(w) = x*d(w) - s(w). Let z(a) = -a**3 + 2*a**2 + 5*a - 2. Let t be z(3). Determine j(t).
3
Let v(o) be the third derivative of -o**6/360 + o**5/20 - 5*o**4/24 + 7*o**3/3 - 28*o**2. Let j(y) be the first derivative of v(y). What is j(4)?
3
Let b(h) = 25 + 2*h - 23 - 3*h + 8. Give b(7).
3
Let s = -13 + 9. Let i(a) = a**3 + 5*a**2 + 7*a + 5. Let f be i(s). Let l(d) = -2*d - 8. Give l(f).
6
Let a(b) be the second derivative of -b**4/24 - b**3/3 + 11*b**2 - 2*b - 32. Let n(x) be the first derivative of a(x). Calculate n(3).
-5
Let h(g) = g**2 + 2*g + 2. Let f(t) be the first derivative of -2 - 1/2*t**2 - 1/3*t**3 - t. Let v be f(-2). Calculate h(v).
5
Suppose 0 = -5*y - 55 + 15. Let f(w) be the first derivative of -w**2/2 - 3*w + 28. Determine f(y).
5
Let w(s) = -3 - s**2 - 3*s + 3*s**3 + 7 - 2*s**3. Suppose -6*b + 45 = -b. Let j = b - 6. Determine w(j).
13
Let d(m) be the third derivative of -m**6/120 + m**5/60 + 23*m**3/6 + 19*m**2. What is d(0)?
23
Let b(y) be the third derivative of y**6/120 - y**5/12 + y**4/6 + 7*y**3/6 - 102*y**2. What is b(5)?
27
Let w(n) = -n**2 + 25*n - 134. Let f be w(17). Let p(g) = -7*g + 1. Determine p(f).
-13
Let n = -58 - -27. Let j = n + 32. Let h(k) = 5*k**3 - 1. Calculate h(j).
4
Suppose 3*g = -0*g. Suppose 10*t + 52 - 132 = g. Let o(f) = f - 4. Determine o(t).
4
Let j(g) = 206299*g**2 + 38 - 3*g - 206298*g**2 + 3*g. Determine j(0).
38
Let t(s) be the first derivative of -s**3/3 - 11*s**2/2 + s - 26. Determine t(-10).
11
Let l(j) = -j + 3. Let a(m) = m**3 + 3*m**2 - 2*m - 2. Let s be a(-3). Suppose s*y = y + 2*q - 3, 2*y = -q + 5. Let x = y - 1. Determine l(x).
3
Let c(b) = -6*b - 2. Suppose 6*q + 1 = 5*q. Determine c(q).
4
Let z(s) = s**2 + 9*s + 4. Suppose 0 = 4*v + 44 - 172. Suppose -v - 16 = 6*a. Give z(a).
-4
Let x(p) be the first derivative of 0*p - 1/2*p**2 + 9. Calculate x(-6).
6
Let h(p) = p**2 + 7*p + 5. Let s = -20 - -20. Suppose 0 = -4*w + 4*u - 38 - 2, s = -2*u + 6. Calculate h(w).
5
Let a(t) be the first derivative of -1/2*t**2 - t + 15 - 1/3*t**3. Give a(-4).
-13
Let m(q) = q**2 - 3*q + 4. Let a(f) = -2*f. Let h(g) = -4*a(g) + m(g). Determine h(-3).
-2
Let f(t) = t + 3. Suppose 0 = 2*c - 49 - 17. Suppose 15 = -5*d + 5*i, -4*d - 2*i = 3*i - c. Suppose 0 = -r - d - 2. Give f(r).
-1
Let h(k) = -2*k. Let a(n) = n**2 - n - 10. Let q be a(-3). Let c(m) = -5*m + 1. Let l(d) = q*c(d) - 6*h(d). Give l(-2).
-2
Let v(g) = g**3 + 4*g**2 - 2*g - 3. Suppose -2*p - p - 27 = -3*b, b - 4*p - 6 = 0. Let r = -4 + b. Suppose -r*t - 20 = -t. What is v(t)?
5
Let y(g) = 2*g**2 - 18*g - 16. Let k be y(10). Suppose -k*r + 36 = 5*r. Let w(m) = m**2 - 4*m + 5. Give w(r).
5
Let y(w) = -4*w**3 - 27*w**2 - 2*w + 7. Let a(t) = 9*t**3 + 58*t**2 + 5*t - 13. Let i(p) = 3*a(p) + 7*y(p). Calculate i(-15).
-5
Suppose -52*p = -58*p + 48. Let w(m) = m**2 - 8*m + 1. Calculate w(p).
1
Let q(f) = f**2 + 5*f. Let s(d) = -d - 4. Let x be s(-6). Suppose -4*l - 5*c + 3*c = -2, -9 = x*l + 3*c. Let a be -5 - 0 - (l + -2). Calculate q(a).
6
Suppose 5*g = -2*m - 10, 0 = -2*m - 0*m - 2*g + 2. Let v be (-4)/(-10)*m*3. Let u(c) = -4*c - 16. Let t(f) = -f - 2. Let w(i) = -5*t(i) + u(i). What is w(v)?
0
Let z(m) be the first derivative of 0*m + 1/2*m**2 + 20. Let r(k) = k - 6. Let q be r(6). Determine z(q).
0
Let h(z) be the second derivative of -z**3/6 - 17*z**2/2 + 47*z + 3. Calculate h(-11).
-6
Let d(m) be the third derivative of -m**7/840 + m**6/72 + m**5/20 - 7*m**4/24 - 7*m**3/6 + 2*m**2. Let l(b) be the first derivative of d(b). Calculate l(6).
-7
Let h(s) = 3*s**2 - 10*s - 9. Let g(j) = 7*j**2 - 21*j - 18. Let b(z) = 2*g(z) - 5*h(z). What is b(8)?
9
Let w(g) be the third derivative of -g**7/360 - g**6/360 - g**5/120 + 25*g**4/24 - 18*g**2. Let u(i) be the second derivative of w(i). What is u(-1)?
-6
Let o(z) = -7*z**3 + 7*z**2 + 18*z - 14. Let r(h) = -20*h**3 + 22*h**2 + 49*h - 41. Let v(t) = 17*o(t) - 6*r(t). Calculate v(12).
8
Let r be (-4 - -6)/(-2)*-5. Suppose -r*f - 12 = -q, 3*q + 3*f = f - 15. Let i(h) = h**2 + 2*h + 4. Calculate i(q).
7
Let p(o) = -3*o - 8. Suppose 4*f = -f - h - 5, 0 = -h. Let i be 5/((-1)/(f - 0)). Suppose -i*w = -2*z + 25, 5*w + 20 + 10 = z. Calculate p(w).
13
Let d(l) be the first derivative of l**4/4 - 7*l**3/3 - l**2 - 7*l + 1226. Suppose 24 = 4*u - 4. Calculate d(u).
-21
Let w(z) = 2*z**3 - z. Suppose 188 = 8*x - 132. Let k = x + -39. What is w(k)?
1
Let g(l) = l**3 - l**2 - 1 + 0 + 0 + 7*l + 9*l**2. Suppose 24 = -5*x + d, 0*d = -4*x + 2*d - 18. Let q = -2 + x. Calculate g(q).
-1
Let i(a) be the first derivative of -a**4/2 + a**2 + 2*a - 254. Give i(-2).
14
Let a(b) = -10*b**3 + b**2. Suppose -r = 1 - 3. Let d be 5 + (r + -2 - 3). Suppose -3*v + 0*u - 4*u - 9 = 0, 0 = -v + d*u + 7. What is a(v)?
-9
Let d(q) = -q**3 + 12*q**2 - 9*q - 12. Suppose -134*v + 133*v = -11. What is d(v)?
10
Let v be 0*1/(-3)*17/(-34). Let d(n) = -n**3 + n**2 - 63. Calculate d(v).
-63
Let r = 10 + -8. Suppose s - 1 = -4*c + 5, r*s = 4*c - 12. Let m(i) = -2*i + 2*i + 2*i**c - 3*i - 3. Calculate m(3).
6
Let f(a) = a**3 - 6*a**2 - 9*a + 14. Suppose 28 = 8*x - 28. Let w be f(x). Let m(v) = v**2 + v + 1. Give m(w).
1
Let r = 1466 + -1472. Let k(u) = u**2 + 7*u - 1. Let c(l) = 2*l**2 + 14*l - 3. Let n(o) = 3*c(o) - 7*k(o). Give n(r).
4
Let u(n) = 6*n + 14. Let s(l) = -2*l - 5. Let m(p) = -17*s(p) - 6*u(p). Let t(h) = 25*h - 11*h - 8 - 12*h. Let i be t(5). Give m(i).
-3
Let a(f) = -f**3 + 7*f**2 + 6*f + 15. Let b = -31 + 39. Let o be a(b). Let r(q) = 3*q - 1. Give r(o).
-4
Let y(t) = -2*t**3 + 2*t**2 + t - 1. Let k(c) = c**3 + c**2 - 1. Let b = -31 - -30. Let r(x) = b*k(x) + y(x). Determine r(-1).
3
Let t(a) = -a + 3. Let z(n) = 2*n**2 - n + 15. Let s(d) = d**2 + 8. Let i(p) = 7*s(p) - 4*z(p). Let m be i(4). What is t(m)?
7
Suppose 0 = -5*z + 4*w + 38, 0 = -z - 4*w + w. Suppose z*f - 96 = -6*f. Let y(a) = -a + 8. What is y(f)?
0
Let m = -1631 + 1627. Let u(a) = -a**2 - 6*a - 3. What is u(m)?
5
Let h(x) = 2*x. Let o be h(11). Let i(w) = -27*w**2 + w**3 - 1 + 6 + o*w**2 - 2*w. Calculate i(5).
-5
Let q(g) = -g + 3. Let o be (-5)/((-10)/(-2))*(8 + -1). Calculate q(o).
10
Let m(h) = h**3 - h**2 - h + 1. Let z(t) = -t**3 + 4*t**2 + 3*t - 1. Let i(j) = -2*m(j) - z(j). Determine i(2).
-19
Suppose -5*d + 40 = 4*m, -d + 6 = 2*m + 4. Let a(i) = -6*i - 5*i - 3 + d*i + 5. Determine a(6).
8
Let i(y) = 3*y**3 - y + 1. Let o(c) = -2*c**3 - 6*c**2 - 8*c - 1. Let r(u) = -i(u) - o(u). Suppose -5*m - k + 9 = -22, 12 = 4*m + 4*k. Determine r(m).
14
Suppose 5*k + 10 = 0, 4*u + 0*k = -2*k + 36. Suppose u*x - 3*x = -14. Let f(o) = o**2 + o + 1. Calculate f(x).
3
Let k be (-262)/11 - (-12)/(-66). Let t = -9 - k. Suppose 0 = 6*x - t*x + 63. Let g(i) = -i**3 + 7*i**2 - i. Calculate g(x).
-7
Suppose -20*u + 16*u = -20. Suppose 9*v - u = 49. Let g(q) = -q**3 + 4*q**2 + 9*q - 1. Calculate g(v).
-19
Let c(d) = 3*d**2 - 5*d + 6. Let g(b) = -b**2 + 3*b - 3. Let z(s) = -3*c(s) - 5*g(s). Let u(n) = 2*n**2 + 1. Let a(j) = 9*u(j) + 4*z(j). Determine a(-3).
15
Let m(b) be the third derivative of 1/24*b**4 + 0*b - 2/3*b**3 + 0 + 18*b**2. Calculate m(-3).
-7
Let p(r) = r - 2. Suppose -3*o - 5 = -4*y, -2*y = o - 6*o - 13. Let u be 0 + y + -1 + 1. Let t be (10/8)/(u/(-4)). Calculate p(t).
3
Let o(l) = -l**2 - l + 1. Suppose -3*z + 3*t = -63, 2*z + 2*t - 68 = -z. Let b(q) = -q + 11 - 2*q - 4*q**2 - z + 13. Let n(w) = -b(w) + 3*o(w). Give n(3).
10
Suppose 2*n + i + 8 = -2*i, i + 4 = 0. Let q(y) be the second derivative of -7*y - 1/2*y**n - 1/6*y**3 + 0. Calculate q(-2).
1
Suppose 3*o = -2*o + 35. Let z(v) be the second derivative of v**4/12 - 7*v**3/6 - 2*v**2 - 4*v + 2. What is z(o)?
-4
Let s = -34 - -53. Suppose -5*k - s = 2*a, -k = -7*a + 2*a + 20. Let o(l) = 6*l**2 + 0*l + l**3 + 3*l + 0*l**3 + 1. What is o(k)?
11
Let p(s) be the second derivative of -s**3/6 - 6*s**2 + 169*s. What is p(-5)?
-7
Let v(j) be the first derivative of -j**2/2 + 5*j + 3. Let h = 1117 + -1113. Give v(h).
1
Let l be -5 + 1 - (0 + 0). Let o(b) = -3*b + 10. Let t(c) = 2*c - 7. Suppose -3*m = 2*m + 25. Let s(d) = m*o(d) - 7*t(d). Determine s(l).
-5
Let c(a) = -a - 4. Suppose 0*v - 14 = r + 2*v, -12 = 4*v. Give c(r).
4
